ivided by 14?
8
Let h = 37 + -24. Suppose 85*x - 8419 = 7901. What is the remainder when x is divided by h?
10
Let c = 5 + 0. Suppose 14 = 42832*t - 42814*t - 40. Calculate the remainder when (t/3 - c) + 33 is divided by 13.
3
Let u(f) = -f**2 - 70*f - 406. Suppose -2*s + 279 = s. Calculate the remainder when s is divided by u(-7).
23
Suppose 4*l = 4, -3*w - 37 = w - l. Let f = 183 + -181. What is the remainder when w/((-6)/f)*156/9 is divided by 14?
10
What is the remainder when (-7)/(-10 - (-6234)/624) is divided by 18?
8
Suppose 134 = 3*t + 20. Let l = t - 29. Calculate the remainder when 23 is divided by l.
5
Let m(j) = 13*j - 348. Let b be m(34). Suppose 4*z - 35 = -c + b, -z + 576 = 4*c. Calculate the remainder when c is divided by 67.
11
What is the remainder when 8 is divided by (-2 + -3)/((-975)/585)?
2
Suppose -2*r - 438 = -5*b, 0 = -r - 4. Let t(n) = -n**3 - 17*n**2 - 12*n - 26. Let s be t(-16). Let h = s - -98. Calculate the remainder when b is divided by h.
6
Suppose -3*x - 8 = -102*y + 101*y, 0 = -3*y + x + 56. What is the remainder when 1032 is divided by y?
12
Let h be ((-49)/(-21) - 3) + (-92)/(-3). Let z(p) = 9*p**2 + h*p + 26*p - 62*p + 3. What is the remainder when 104 is divided by z(2)?
23
Let b(c) = 2143*c - 38527. Let r = 1001 + -627. What is the remainder when r is divided by b(18)?
45
Let j = 12195 + -12173. Suppose -3*m = -2*m - 62. What is the remainder when m is divided by j?
18
Suppose -2*v + 14 = -12. Let y(m) = 2*m - 7*m - 6*m + v*m + 18. Calculate the remainder when 34 is divided by y(-6).
4
Let n(f) = 2*f**2 - 199*f - 77. What is the remainder when n(102) is divided by 114?
91
Calculate the remainder when (1602/12 - 0) + (-1)/2 is divided by 3 + 292/24 - 3/18.
13
Let n(b) = b**3 - 11*b**2 + 5*b + 14. Let x be n(10). Let m = -29 - x. Let z = -43 - -56. Calculate the remainder when z is divided by m.
6
Suppose 28 + 28 = 4*n. Let d be (-1)/(2/(-12)*-2). Let x = d + n. What is the remainder when 29 is divided by x?
7
Let d(w) = w - 4. Suppose 0*m + 3*m = -4*t - 4, 5*m = -5*t - 10. Suppose -3*n = -3*j - 33, t*j - 5 - 13 = -3*n. What is the remainder when n is divided by d(7)?
2
Suppose 22 = -4*g + 86. Let o(p) = -10*p + 134. What is the remainder when o(-12) is divided by g?
14
Let a be (-7 - -7) + (50/1)/2. Suppose j = a - 85. Let v = j - -108. Calculate the remainder when v is divided by 10.
8
Suppose 55000*d = 55060*d - 16980. Calculate the remainder when d is divided by 104.
75
Let d(x) = -x**3 + x**2 + 2*x. Let o be d(-3). Suppose 2*f = 20 + o. Suppose 8352 = 128*l + 46*l. What is the remainder when l is divided by f?
23
Let o = -7544 - -8330. Calculate the remainder when o is divided by 10.
6
Let t(h) = -15*h - 1. Suppose -7*o = -0*o - 217. Suppose -3*c - o = -28. Calculate the remainder when t(c) is divided by 5.
4
Let l(o) = 2*o**3 - 9*o**2 + 10*o - 260. Calculate the remainder when l(9) is divided by 80.
79
Let j(k) = 2*k**3 - 4*k**2 + 590*k - 2382. Calculate the remainder when 157 is divided by j(4).
31
Let m(f) = 6*f**2 - 11*f + 19. Let q(r) = -7*r**2 + 11*r - 19. Let l(h) = 5*m(h) + 4*q(h). What is the remainder when l(13) is divided by 54?
52
Suppose j - 2 = 26. Suppose 33*u + 224 = 37*u. Suppose 16 - u = -4*p. What is the remainder when j is divided by p?
8
Let a = 426 + -301. Suppose 0 = -70*o + 127*o - 3192. What is the remainder when a is divided by o?
13
Let g(c) = 72*c**3 + 6*c - 7. Suppose 0 = 11*q - 23*q + 11892. What is the remainder when q is divided by g(1)?
68
Let j(n) = 17*n**2 + 66*n - 345. Calculate the remainder when j(5) is divided by 14.
4
Let f be (-265)/(-30) + 5/30. Suppose -f = y - 2*y. What is the remainder when 276 is divided by y?
6
Let j be (-117)/(-15) + -1*(-3)/15. Let p = 414 - 262. What is the remainder when p is divided by j/10*1*(-875)/(-50)?
12
Let i(b) = 5*b**2 - 2*b - 14. Let u be i(-4). Suppose -7*r + 17 = -u. What is the remainder when 20 is divided by r?
7
Let y = 74 - 20. Suppose 17 - 660 = -3*t - 4*r, r + 851 = 4*t. Calculate the remainder when t is divided by y.
51
Suppose 96 = 4*k - 2*k. Suppose 81 + 83 = 15*q - 106. What is the remainder when k is divided by q?
12
Let s = -216 - -499. Let m = s - 243. Calculate the remainder when m is divided by 21.
19
Let w = -197 + 94. Let t = -914 + 822. Let q = t - w. Calculate the remainder when q is divided by 6.
5
Let n(h) = -h**2 - 22*h + 1577. Calculate the remainder when 3925 is divided by n(30).
15
Calculate the remainder when 120 is divided by ((-3154)/(-42) - -3) + 3328/336 + -10.
42
Let i(z) = -z**3 - 11*z**2 - 11*z + 40. Let m be i(-13). Suppose 0 = 2*h - h + 3*b - 97, 5*h + 3*b = m. Calculate the remainder when h is divided by 63.
43
Suppose -5*z - 2 = -k - 26, 4*k - 19 = -3*z. Let i be (k - 4)/((-3)/(-2 - -5)). Suppose -i*q + 387 = 6*q. What is the remainder when 82 is divided by q?
39
Suppose -5*q + 5*j = -25095, 11*j + 75 = 42. What is the remainder when q is divided by 3?
0
Suppose z = 2*r + 5, -r - 4 + 1 = 0. What is the remainder when 137 is divided by (26/6 + z)*42/4?
32
Calculate the remainder when 46 is divided by (-17 - -19)/((-6)/(-36)).
10
Let j = -94 - -107. Let h(o) = -3*o - 16. Let w be h(-6). Suppose 0 = 2*m + 5*z - 79, -w*z = -0*m + 5*m - 187. What is the remainder when m is divided by j?
11
Suppose -131*g = -129*g - 4*t - 2152, 5*t - 2125 = -2*g. Calculate the remainder when g is divided by 535.
0
Suppose -v - 11*a = -6*a - 43, -5*v - 5*a = -155. Calculate the remainder when 266 is divided by v.
14
Let o(w) be the second derivative of -25/3*w**3 - w**2 + 0 + 5*w. Calculate the remainder when o(-3) is divided by 30.
28
Let z(i) = 21*i**2 - 3*i + 2. Let h be 91/26 + (-2)/4. What is the remainder when z(h) is divided by 96?
86
Let y be (-4)/8 + (-148)/(-8). Let c = y - 13. Suppose -4*d = c*f - 276, 5*d = -f + 31 + 41. Calculate the remainder when f is divided by 18.
16
Suppose -298*w + 1052 = -294*w + 4*a, -3*a - 759 = -3*w. Calculate the remainder when 4141 is divided by w.
13
Let n(x) = -x**3 + 12*x**2 - 21*x + 29. Let w be (6/(-2))/((-33)/(-770)*-7). Calculate the remainder when 320 is divided by n(w).
16
Let y be 4 - 6096/(-6) - 0 - -4. Suppose -82*f + y = -74*f. Calculate the remainder when f is divided by 44.
40
Let f be 308/(-21)*(-6)/4. Suppose 0 = -3*j + f + 41. Calculate the remainder when 34 is divided by j.
13
Let h(p) = -p**3 + 6*p**2 - p + 2. Suppose 20770 - 3888 + 10175 = 311*l. What is the remainder when l is divided by h(4)?
27
Suppose -2*n - 183*j = -185*j - 254, -388 = -3*n - 4*j. What is the remainder when 244 is divided by n?
116
Suppose 5*h + 24 = 44. Suppose -h*k = 7*i - 2*i - 36, k = -1. Suppose -i*v - v = -117. Calculate the remainder when 30 is divided by v.
4
Let v(o) = 0*o**3 - 5 + 5 - 3*o**2 + 5 - o**3. Let z be v(-8). Suppose 262*q = 257*q + z. What is the remainder when q is divided by 23?
19
Calculate the remainder when (-1)/(30/(-84))*(28 - -57) is divided by 230.
8
Suppose -5*n + 41 - 112 = -d, 3*n = -3*d + 249. Suppose -3*h = 4*g - 4*h + d, -3*h = -15. Let a = 31 + g. What is the remainder when 47 is divided by a?
11
Suppose g = -4*r + 186, 195*r + 3*g = 190*r + 236. What is the remainder when 346 is divided by r?
24
Let j(g) = 2*g - 55. Let z be j(30). Suppose -5*n = 4*i - 477 - 32, i = z*n - 529. Calculate the remainder when n is divided by 28.
21
Suppose -2*j - 2*o = -15221 + 3185, 0 = -3*o + 15. Calculate the remainder when j is divided by 15.
13
Let m = 17999 - 10862. What is the remainder when m is divided by 17?
14
Let v(x) = -x**2 + 4*x + 7. Let j be v(5). Suppose u + 3*u = -16, j*u - 4 = -c. Calculate the remainder when 22 is divided by c.
10
Let m(k) = -2*k**3 - 26*k**2 + 18*k + 272. What is the remainder when 2672 is divided by m(-13)?
12
Suppose 28 = -3*y + 17*y. Suppose -28*a - y + 1206 = 0. Calculate the remainder when 212 is divided by a.
40
Let w = -49 + 84. Let l(g) = -4*g**2 + 5*g + 131. What is the remainder when w is divided by l(-5)?
5
Let r(c) = 6*c + 485. Calculate the remainder when 223 is divided by r(-69).
10
Suppose -i + 171 = 2*i. Calculate the remainder when i is divided by 18*88/156 - (-1690)/(-10985).
7
Suppose 4574 = 358*w - 100301 - 208733. What is the remainder when w is divided by 420?
36
Let r = -142 + 155. Suppose 0 = -5